+ 9*s - 4*s. Suppose o - l = -s*o + 2*h, 2*o - 5*h = 29. What are the prime factors of o?
7
Suppose 0 = 40*s - 39*s + 59. Let g = s - -117. What are the prime factors of g?
2, 29
Let l be -115 - (4 + (-16)/2). Let f = l - -170. What are the prime factors of f?
59
Suppose -155 = -3*s - k - 0*k, 210 = 4*s - 2*k. Suppose 2*c = 2*v - s, 0*v - 4*v + 5*c = -107. List the prime factors of v.
23
Let q(n) = -17*n**2 - 5*n - 4. Let b be q(-2). Let i = b + 90. What are the prime factors of (i/(-8))/((-1)/10)?
5, 7
Suppose -253528 = -66*p + 22*p. List the prime factors of p.
2, 43, 67
Let s be ((-6)/12)/(1 + 18/(-16)). Suppose -136 = -s*n + 5*r, -r = -5*n - 32 + 181. What are the prime factors of n?
29
Let i = -492 - -693. Let y = -42 + i. What are the prime factors of y?
3, 53
Suppose -5*q - 5 = 5*b, -4*q + q + 1 = 5*b. What are the prime factors of 466/((-3)/((-3)/b))?
233
Suppose -49*o + 58*o = 8415. List the prime factors of o.
5, 11, 17
Let d(v) = 172*v - 4. Let z be d(1). Suppose 7*q - z = 4*q. List the prime factors of q.
2, 7
Let t(o) = o**3 + 8*o**2 + o + 8. Suppose -x - 2*x - 34 = 2*k, -2*k - 2 = -x. Let v be t(x). What are the prime factors of -3*(v - (-44)/(-6))?
2, 11
Suppose -4*t - 756 = -10276. List the prime factors of t.
2, 5, 7, 17
Let q(d) = -d**2 - 13*d - 15. Let h be q(-12). Let p(n) = -3*n - 5. What are the prime factors of p(h)?
2
Let c(a) = 97*a**2 + 12*a - 38. What are the prime factors of c(5)?
2447
Let k(z) = 3*z**2 + 4 + z**3 - 4*z**2 + z + 6*z**2. Suppose 0 = c - 4*c - 12. What are the prime factors of k(c)?
2
Suppose -21 - 347 = 8*z. Let b = 80 + z. List the prime factors of 52 - 0 - b/(-17).
2, 3
Suppose 3*w + 2*c - 2 = 0, -4*c = -w - 5 + 1. Let z(y) be the third derivative of y**5/60 - y**4/24 + 8*y**3/3 + 3*y**2. List the prime factors of z(w).
2
Suppose 3*f = 2*v, -2*f - 2*f + 14 = 2*v. Suppose 376 = v*x - 2*l, 3*x - 4*x = 2*l - 120. List the prime factors of x.
2, 31
Suppose 4*w + 256 = 740. Suppose -20*z = -21*z + w. What are the prime factors of z?
11
List the prime factors of (6 - 10)/((-318)/315 + 1).
2, 3, 5, 7
Let t = 5878 - 273. What are the prime factors of t?
5, 19, 59
Suppose -3 + 18 = 5*r. Suppose -117 = -3*u + r*z, -2*u - 2*z + 88 = z. List the prime factors of u.
41
Let v = 5197 - 3703. List the prime factors of v.
2, 3, 83
Let v = -8 + 9. Suppose -4*j - 5 = 5*z, 2*z = -0*z + 4*j - 2. What are the prime factors of z - (-1 + v) - -32?
31
Let d(a) = -3 - 9*a - 4 + 3*a. List the prime factors of d(-17).
5, 19
Suppose 2*s - 4 = s. Let w = s - 0. Suppose 2*z - w*y = 64, -z - 5*y - 44 = -2*z. What are the prime factors of z?
2, 3
Let m(y) = -4*y - 32. Let g be 25*6/10*(-6)/9. What are the prime factors of m(g)?
2
Let q be (5 + 0 + -3)/(-7)*-7. Suppose 2*f + q*b - 42 = -0*f, -4*f + 104 = -b. What are the prime factors of f?
5
Suppose 2*x + 0*y - 4*y - 1006 = 0, -5*x + 3*y = -2550. What are the prime factors of x?
3, 19
Suppose -4*b = -173 - 167. Let d = b + -37. What are the prime factors of d?
2, 3
Let v(p) = -2*p - 3. Let h be v(-3). Suppose -3 = -h*l + 3. Suppose 0 = l*u + 3*o - 4*o - 19, -2*o = 2*u - 28. What are the prime factors of u?
11
Suppose 4*m - 3*m = -5*p + 18, 2*m - 2*p - 12 = 0. List the prime factors of 1*(1/m + (-11220)/(-96)).
3, 13
Let x(h) = -h**2 + 8*h. Let a be x(8). Suppose 2*r - 3*j + j - 808 = a, 0 = 2*j. Suppose 0 = -5*y + b - 100 + r, b + 184 = 3*y. List the prime factors of y.
2, 3, 5
Suppose 76 = 20*l - 21*l. Let f = l - -201. List the prime factors of f.
5
Let z = 30 - 25. Suppose 73 = m + z*s, -m + 3*s = 7*s - 78. List the prime factors of m.
2, 7
Let s be (-316*3/(-6))/1. Let b = s - 92. Suppose -5*o - o = -b. What are the prime factors of o?
11
Let q be 30/(-45) + (-4)/(-6). What are the prime factors of q + 36/3 + -2?
2, 5
Suppose 0 = -77*f + 108524 + 2587. What are the prime factors of f?
3, 13, 37
Let p be (3/(-12))/((-4)/(-2040))*-2. Let o = p + -42. List the prime factors of o.
3, 71
Suppose -79*a = -78*a - 447. List the prime factors of a.
3, 149
Let b(l) be the first derivative of l**4/12 + 2*l**3 - 5*l**2 + 6*l + 7. Let c(g) be the first derivative of b(g). What are the prime factors of c(-14)?
2, 3
Let t = -26 - 28. Let v be (t/(-36))/((-2)/(-4)). Suppose 5*q - v*s = 2*s + 205, 5*q - 3*s = 207. What are the prime factors of q?
2, 3, 7
Let x(i) = -2*i + 2. Let u be x(0). Suppose 3*h - 45 + 9 = 0. Suppose u = -p + h. List the prime factors of p.
2, 5
Suppose 3*n - 18 = -r, n + 2*r - 11 = -0*n. Suppose 2*g - 447 = s, s + 0*s - 1135 = -n*g. List the prime factors of g/16 - 14/112.
2, 7
Let h(t) = -6*t**3 - 15*t**2 - 21*t - 21. Let l(g) = -g**3. Let m(s) = h(s) - 5*l(s). What are the prime factors of m(-14)?
7, 11
Suppose 0 = 4*y - 6*y + 6. Suppose 4*f - 26 = -3*h, -4*h + 28 = f + y*f. List the prime factors of h.
2
Let c(o) = o + 27. Let g(r) = r**2 - 12*r + 3. Let a be g(10). Let b be c(a). Suppose b + 65 = 5*h. What are the prime factors of h?
3, 5
Let q(p) = p**3 - 34*p**2 + 74*p - 101. What are the prime factors of q(32)?
3, 73
Let k = -719 - -1080. Suppose 183 + k = 4*l. List the prime factors of l.
2, 17
Let l(x) = -x**3 + x**2 - x + 70. Let f = -12 - -12. Let o be l(f). List the prime factors of (o/15)/((-1)/(-6)).
2, 7
Let m(j) = 14*j - 7*j - 11*j - 5 + j**2. Let v be m(-3). Let k = v + 1. What are the prime factors of k?
17
List the prime factors of -15 + 454 - (-24)/4.
5, 89
Let m(v) = 81*v + 5. List the prime factors of m(1).
2, 43
Let l = 17 + -15. Suppose -10 = 5*v, 0*v + 28 = l*r + 4*v. What are the prime factors of r?
2, 3
Let o(v) = -378*v**3 + v**2 - 2*v - 2. What are the prime factors of o(-1)?
379
Let y be (-7 - -1)/(5/1 - 3). Let k(z) = -z**3 + 2*z**2 + 2*z. Let i be k(-2). What are the prime factors of (y - (-164)/i)*6?
2
Suppose -5*g + 7*g - 4 = 0. Suppose -4*b - x = -11, -6*b + 10 = -b + g*x. Suppose -12 - 40 = -b*p. List the prime factors of p.
13
Suppose -2*g = -d - 7*g + 24, -3*g = -4*d + 4. Let o(n) = -3*n**2 + d*n**2 - 2*n**2 - 9*n - 1 - 3. What are the prime factors of o(-6)?
2, 7
Suppose -2*s + 3*s = 0. Suppose s = -q - q. List the prime factors of -2*(-14 - (0 - q)).
2, 7
Let d be 8 - 2/(-4)*-6. Suppose 205 = -d*s + 5*f, 6*s - 2*s = -2*f - 134. Let j = -3 - s. What are the prime factors of j?
3, 11
Suppose -5*j = 0, j + 2*j = 3*y - 528. What are the prime factors of y?
2, 11
Let a(b) = -44*b - b**3 - 5*b**2 + 0*b**3 + 24 + 51*b. List the prime factors of a(-7).
73
Suppose 6 = c + 2. Suppose v + 1 = -3, -3*v + 64 = c*l. What are the prime factors of l - 2/(-4)*0?
19
Suppose 4*f + 2*o = -1 - 1, 3*f - 2*o + 19 = 0. What are the prime factors of (3 - -1) + -6 - 147/f?
47
Let t = -369 - -602. What are the prime factors of t?
233
Let f = -352 + 439. What are the prime factors of f?
3, 29
Suppose -4*n = 2*a - 1384, -2*a - 139 = -4*n - 1555. What are the prime factors of a?
2, 5, 7
Suppose 0 = -3*m + 2*t - 44, -m = -3*t + 2*t + 16. What are the prime factors of -322*(-2)/m*-3?
7, 23
List the prime factors of (1 + 1)*121*(-3)/(-6).
11
Let s = 1338 + -757. What are the prime factors of s?
7, 83
Let z(n) = n + 6. Let g be z(-2). Suppose -3*r - g*j = 2, -5*j + 58 - 8 = -5*r. What are the prime factors of 4/(-6) + (-100)/r?
2
Suppose 24*w + 1565 = 5*g + 28*w, 5*g - w - 1590 = 0. What are the prime factors of g?
317
Let c = -18 - 26. Let o(n) = -203*n**2 - 4*n. Let x be o(-3). List the prime factors of x/c - (-6)/8.
2, 3, 7
Let u be (7 - 1) + (-8)/8. Suppose 5*b + 2*t + 2 = 6, -3 = -3*b - t. Suppose w + 4*w = b*n - 54, -u*n + 5*w = -105. List the prime factors of n.
17
Suppose j = 4 + 5. Let u(y) = y + 3. Let g be u(j). Suppose -8*p + g*p = 92. What are the prime factors of p?
23
Suppose -2*h = -y + 4, -7*y - 2 = -3*y - 2*h. Let v = 9 - y. Let n = 9 + v. List the prime factors of n.
2, 5
Let j be (0 + 1)*(-12)/(-4). Let d = -55 + 129. Suppose 2*g = 2*l + 4*g - d, -j*g = -15. List the prime factors of l.
2
Let r(i) = i**3 + 54*i**2 - 13*i - 58. List the prime factors of r(-54).
2, 7, 23
Let o(u) be the second derivative of -u**5/20 - u**4/2 - 11*u**3/6 + 5*u**2/2 + 4*u. List the prime factors of o(-5).
5, 7
Let d(p) = 267*p - 2. Let v be d(-1). Let j = -137 - v. What are the prime factors of j?
2, 3, 11
Let w be 25 + -3 + -2 + 6. Suppose 0 = -5*g - 1 + w. W